et z = x + 11. Suppose 0 = -3*k + z. What is the greatest common factor of 6 and k?
2
Suppose -5*x = -3*j - 47, -10*x + 53 = -5*x + 3*j. Let g be (8/3)/((-2)/(-15)). What is the highest common factor of x and g?
10
Let h(s) = -10*s - 14. Let g be h(-3). Let y be 32/6 - 6/(-9). Let n = -2 + y. Calculate the greatest common divisor of g and n.
4
Let q be 28/147*3 - (-664)/14. Suppose -10 + q = t. What is the highest common divisor of t and 57?
19
Let l = 322 - 214. Let w(g) = -78*g**3 + 6*g**2 + 12*g**2 + 16*g - 5 + 79*g**3. Let q be w(-17). Calculate the highest common divisor of l and q.
12
Let q = 346 - 326. Calculate the highest common factor of q and 70.
10
Suppose -4*f + 749 = 77. What is the greatest common divisor of 126 and f?
42
Let l be 1442/91 - 6/(-39). What is the greatest common divisor of l and 512?
16
Suppose 2*t = 1176 + 436. What is the greatest common divisor of 78 and t?
26
Let b = -588 + 627. Calculate the highest common divisor of 299 and b.
13
Suppose -4*j = 5*u - 456, 4*u + 2*j = 180 + 180. What is the highest common factor of u and 11?
11
Let y = -17 - -21. Suppose 113 = 5*k + y*q, q = -2*k - 11 + 55. Calculate the greatest common factor of 210 and k.
21
Let m = -77 - -116. Suppose -24 = 5*x - m. Let u(i) = i**2 - i + 3. Let k be u(0). What is the greatest common divisor of k and x?
3
Let d be ((-1)/4)/(5/(-100)). Let v(f) = f + 7. Let a(r) = -1. Let w(g) = 6*a(g) + v(g). Let q be w(d). Calculate the greatest common divisor of 42 and q.
6
Suppose -5*w - 20 = 4*n - 484, -2*n + 258 = -4*w. Let z = -39 + 50. What is the greatest common divisor of n and z?
11
Let l(y) = y**2 - y - 10. Let p be l(6). Let v be ((-216)/10)/((-6)/p). What is the highest common divisor of v and 18?
18
Let a be (-4)/((-119)/147 + 4/6). What is the greatest common divisor of a and 10?
2
Let b = -428 - -460. Let f be 4/(16/196) - 1. Calculate the greatest common divisor of b and f.
16
Let l(t) = -24*t - 1. Let g be l(-4). Let v = g - 25. Let n be (-1)/(-3)*588/14. What is the greatest common factor of v and n?
14
Suppose 0 = -106*h + 96*h + 1700. What is the highest common divisor of 120 and h?
10
Let b be 2*5/(3/(-3)). Let d be (6/(-10))/(2/b). Suppose 2*g - d*o + 46 = 7*g, -7 = -2*g - 5*o. Calculate the highest common divisor of g and 121.
11
Let s(w) = -w**2 + 5. Let m be s(0). Calculate the highest common factor of 5 and m.
5
Let r = -1 - 3. Let h be 2/r - (-30)/4. What is the highest common factor of h and 56?
7
Let u(i) = -2*i**2 + 2*i - 10. Let k be u(2). Let w be (-666)/k - ((-40)/28 + 1). Calculate the greatest common factor of 3 and w.
3
Suppose -5*i + 23 = 3. Suppose n - 5 = -1. What is the highest common factor of n and i?
4
Suppose -3*y + v - 163 = 0, 80 = -4*y + 3*v - 139. Let x = y - -105. Calculate the highest common divisor of x and 34.
17
Suppose -26*d + 27*d - 8 = 0. Calculate the highest common divisor of d and 40.
8
Let a = 650 - 617. What is the highest common factor of 77 and a?
11
Let x = -9 + 14. Let h = 45 + -37. Let b = h - x. What is the greatest common divisor of b and 12?
3
Suppose 255 = 3*j + 3*c, -4*c + 17 = -2*j + 157. Let u(s) = -s**3 + 8*s**2 + 3*s - 14. Let x be u(8). Calculate the highest common divisor of x and j.
10
Suppose 2*r + 39 = -231. Let a be (-1380)/r + (-1 - 7/(-9)). What is the highest common divisor of a and 4?
2
Let w(n) = -n**2 - 5*n - 32. Let h(j) = -5*j**2 - 19*j - 127. Let d(v) = 2*h(v) - 9*w(v). Let c be d(10). Calculate the highest common divisor of 32 and c.
4
Suppose -2*u + 4*a = a - 3, u - a = 2. Suppose -20 = -5*l + 5*q, -l = -6*l - 5*q + 40. What is the highest common divisor of u and l?
3
Let q be (-8588)/(-226)*((-67)/(-2) + 0). What is the greatest common divisor of q and 19?
19
Let v(y) = -y**2 - 20*y - 23. Let s be v(-19). Let c be (-196)/8*s - -1. Calculate the greatest common factor of 11 and c.
11
Suppose -36 = -5*p + 2*p. Suppose 5*h + 4 - 2 = c, 4*c = 3*h + 8. Suppose -4*t + h*t + 192 = 0. What is the highest common divisor of t and p?
12
Let b be 14/((-98)/21) + 7. Let c = 24 + -12. What is the greatest common divisor of b and c?
4
Suppose 3*n = -25 + 781. Calculate the highest common factor of n and 144.
36
Let p be (-2 + 7/2)/((-42)/(-140)). Calculate the highest common factor of 350 and p.
5
Let p(l) = 6*l + 174. Let f be p(-15). Calculate the greatest common factor of 224 and f.
28
Let g(c) = 3*c + 49. Let u be g(-7). What is the highest common factor of u and 154?
14
Let j be 40/180 - (-2 - 4260/27). What is the greatest common factor of j and 96?
32
Suppose -4*c = -24 + 20. Let h(g) = 63*g**3 - 6*g + 6. Let a be h(c). What is the highest common divisor of a and 42?
21
Let b = 3 - -4. Suppose 106*c - 53 = 53. What is the greatest common factor of c and b?
1
Suppose 2*t - 251 - 159 = 4*j, -206 = -t + 3*j. Calculate the greatest common divisor of t and 145.
29
Suppose 3*c = 26*v - 28*v + 5936, -3*c = -v - 5924. What is the greatest common factor of 13 and c?
13
Let o = 681 - 437. Calculate the greatest common divisor of o and 61.
61
Let a(x) = -3*x + 128. Let f be a(21). What is the greatest common factor of f and 104?
13
Let j = 31 - 27. Suppose -2*n - 11 = -u - 108, -j*n + 185 = -5*u. Calculate the greatest common factor of n and 20.
10
Let v(g) = -g**3 - 3*g**2 + 2. Let b be v(-3). Let z be ((-36)/(-45))/(b/240). Let x = 17 - -7. Calculate the greatest common divisor of z and x.
24
Suppose 6*m - 37 - 29 = 0. Let g(k) = k**2 - 12*k - 11. Let f be g(m). Let n be 4/((-8)/f) - -1. What is the highest common divisor of n and 30?
6
Let i(g) = 7*g**2 - 18*g + 38. Let u be i(6). Calculate the highest common divisor of u and 1547.
91
Let d(v) = v**3 - 7*v**2 + 9*v - 14. Let p be d(6). Suppose p*r + 2*r = -84. Let w be (-14)/(-49) + (-38)/r. What is the greatest common factor of w and 3?
3
Suppose 20 = -5*p, 2*v - 16 = 6*v - p. Let f be 16 + v + (0 - -1) - -1. Calculate the greatest common factor of f and 39.
13
Let s(f) be the first derivative of -f**2/2 - 15*f + 2. Let o be s(-14). Let m be 7 - (o/1 + 2). Calculate the greatest common divisor of m and 24.
6
Suppose 336 = -9*i + 57*i. Calculate the highest common factor of 13 and i.
1
Suppose 11*k - 146 = 316. Calculate the greatest common factor of 168 and k.
42
Let q = -171 + 175. What is the greatest common factor of q and 60?
4
Let k be (6/(-3) - -14)*5. Let b(q) = 3*q**2 - 3*q + 4. Let d be b(4). Calculate the greatest common divisor of k and d.
20
Let y be (-36)/(-6) + -12 + (2 - -14). Calculate the highest common divisor of 50 and y.
10
Suppose -3*j - 5*t + 38 = 0, 16*j = 13*j + 4*t + 83. Calculate the highest common factor of 1617 and j.
21
Let d = 205 + -145. What is the greatest common factor of d and 75?
15
Suppose 9*w - 102 = -8*w. Calculate the greatest common factor of w and 14.
2
Suppose 308 = -0*t + 28*t. What is the greatest common factor of t and 209?
11
Suppose -85 = -7*b + 41. Calculate the highest common divisor of b and 45.
9
Suppose -435*k = -440*k + 2125. What is the greatest common factor of 25 and k?
25
Let f = -110 - -32. Let c = -24 - f. Calculate the greatest common factor of 72 and c.
18
Let z(p) be the third derivative of p**5/60 - p**3/6 - 19*p**2. Let m be z(-4). Calculate the greatest common divisor of 135 and m.
15
Let z(c) = c**3 - 6*c**2 - 6*c. Suppose 5*v = q + 33, -5*v - q = -36 - 1. Let a be z(v). What is the highest common divisor of a and 28?
7
Let b = 1891 + -1875. Let p be 1/((1 - 4) + 2). Let c be (-189)/(-12) + p/(-4). Calculate the highest common factor of c and b.
16
Let o(m) = -3*m - 9. Let v be o(-9). Suppose -44*q + 504 = -40*q. What is the greatest common divisor of q and v?
18
Let x be 20*((-3)/(-6))/(4/20). Calculate the greatest common divisor of 425 and x.
25
Let h = -346 + 355. Let p be (-2 + 9/3)*3. Suppose 3*d + 65 = 2*z + 283, -d = p*z - 69. What is the greatest common factor of h and d?
9
Let g(o) = -6*o**2 + 9*o + 9. Let c be g(7). Let n be c/(-4) + (-1)/(-2). Suppose -8*q - 24 = -11*q. Calculate the highest common factor of q and n.
8
Let k be ((-37)/(-111))/((-2)/(-18)). What is the greatest common factor of 12 and k?
3
Let g be (1/(-2))/((-1)/4). Suppose g*n - y = n + 1, n + 4*y - 11 = 0. What is the highest common factor of 18 and n?
3
Let g be 4/(-14) - (-136